{"id":653,"date":"2021-02-25T09:16:09","date_gmt":"2021-02-25T09:16:09","guid":{"rendered":"http:\/\/demo.die-bedrucker.de\/?page_id=653"},"modified":"2021-02-25T13:47:32","modified_gmt":"2021-02-25T13:47:32","slug":"e-katalog","status":"publish","type":"page","link":"https:\/\/die-bedrucker.de\/?page_id=653","title":{"rendered":"E-Katalog"},"content":{"rendered":"<h1>Der neue, interaktive E-Katalog ist da!<\/h1>\n<div>\n<p>    <a href=\"https:\/\/viewer.zoomcatalog.com\/promodoro-2021-german\" target=\"_blank\"><img data-recalc-dims=\"1\" decoding=\"async\" src=\"https:\/\/i0.wp.com\/501438041880-zoomcatalog-assets.s3.amazonaws.com\/99916\/bf05095d19914167b9265c29009f10ba\/thumbnail_400.jpg?ssl=1\"><\/a>\n<\/div>\n<div>\n<p>Neue Gr\u00f6\u00dfen: Shirts und Hoodies bis 8 XL!<\/p>\n<\/div>\n<hr>\n<div>\n<p>Ma\u00dftabelle:<\/p>\n<p>Leicht die passende Gr\u00f6\u00dfe finden<\/p>\n<\/div>\n<hr>\n<div>\n<p>EXCD \/ X.O: Beide Serien enthalten<\/p>\n<\/div>\n<p><!-- {\"name\":\"Gym Facilities\",\"type\":\"layout\",\"children\":[{\"name\":\"Heading\",\"type\":\"section\",\"props\":{\"style\":\"default\",\"width\":\"small\",\"vertical_align\":\"middle\",\"title_position\":\"top-left\",\"title_rotation\":\"left\",\"title_breakpoint\":\"xl\",\"image_position\":\"center-center\",\"title\":\"\",\"image\":\"http:\\\/\\\/demo.die-bedrucker.de\\\/wp-content\\\/uploads\\\/ornament-bg.svg\",\"css\":\"@media(max-width: 959px) {\\n\\n    .el-section > * {\\n        background-position: 0 0;\\n    }\\n\\n}\",\"padding\":\"large\",\"image_effect\":\"\"},\"children\":[{\"name\":\"\",\"type\":\"row\",\"props\":{\"fixed_width\":\"large\",\"breakpoint\":\"m\",\"layout\":\"1-1\",\"vertical_align\":true,\"order_last\":false,\"gutter\":\"\",\"width\":\"\",\"height\":\"\",\"margin\":\"\"},\"children\":[{\"name\":\"\",\"type\":\"column\",\"props\":{\"widths\":[\"1-1\"],\"image_position\":\"center-center\",\"vertical_align\":\"\",\"style\":\"\",\"text_color\":\"\",\"padding\":\"\",\"media_overlay_gradient\":\"\"},\"children\":[{\"type\":\"headline\",\"props\":{\"title_element\":\"h1\",\"title_style\":\"\",\"title_decoration\":\"\",\"title_font_family\":\"\",\"title_color\":\"\",\"position\":\"\",\"position_z_index\":\"\",\"margin\":\"\",\"maxwidth\":\"\",\"maxwidth_breakpoint\":\"\",\"block_align\":\"\",\"block_align_breakpoint\":\"\",\"block_align_fallback\":\"\",\"text_align\":\"\",\"text_align_breakpoint\":\"\",\"text_align_fallback\":\"\",\"animation\":\"\",\"visibility\":\"\",\"content\":\"Der neue, interaktive E-Katalog ist da!\"}}]}]},{\"type\":\"row\",\"props\":{\"layout\":\",,\",\"breakpoint\":\"m\",\"fixed_width\":\"large\",\"gutter\":\"\",\"width\":\"\",\"width_expand\":\"\",\"height\":\"\",\"margin\":\"\"},\"children\":[{\"type\":\"column\",\"props\":{\"widths\":[\"\"],\"image_position\":\"center-center\",\"media_overlay_gradient\":\"\",\"vertical_align\":\"\",\"style\":\"\",\"text_color\":\"\",\"padding\":\"\"},\"children\":[{\"type\":\"html\",\"props\":{\"content\":\"<a href=\\\"https:\\\/\\\/viewer.zoomcatalog.com\\\/promodoro-2021-german\\\" target=\\\"_blank\\\"><img src=\\\"https:\\\/\\\/501438041880-zoomcatalog-assets.s3.amazonaws.com\\\/99916\\\/bf05095d19914167b9265c29009f10ba\\\/thumbnail_400.jpg\\\"><\\\/a>\"}}]},{\"type\":\"column\",\"props\":{\"widths\":[\"\"],\"image_position\":\"center-center\",\"media_overlay_gradient\":\"\",\"vertical_align\":\"\",\"style\":\"\",\"text_color\":\"\",\"padding\":\"\"},\"children\":[{\"type\":\"text\",\"props\":{\"margin\":\"default\",\"column_breakpoint\":\"m\",\"text_style\":\"\",\"text_color\":\"\",\"text_size\":\"large\",\"column\":\"\",\"position\":\"\",\"position_z_index\":\"\",\"maxwidth\":\"\",\"maxwidth_breakpoint\":\"\",\"block_align\":\"\",\"block_align_breakpoint\":\"\",\"block_align_fallback\":\"\",\"text_align\":\"left\",\"text_align_breakpoint\":\"\",\"text_align_fallback\":\"\",\"animation\":\"\",\"visibility\":\"\",\"position_left\":\"0\",\"content\":\"\n\n<p>Neue Gr\\u00f6\\u00dfen: Shirts und Hoodies bis 8 XL!<\\\/p>\"}},{\"type\":\"divider\",\"props\":{\"divider_element\":\"hr\",\"divider_style\":\"\",\"divider_align\":\"\",\"divider_align_breakpoint\":\"\",\"divider_align_fallback\":\"\",\"position\":\"\",\"position_z_index\":\"\",\"margin\":\"\",\"maxwidth\":\"\",\"maxwidth_breakpoint\":\"\",\"block_align\":\"\",\"block_align_breakpoint\":\"\",\"block_align_fallback\":\"\",\"animation\":\"\",\"visibility\":\"\"}},{\"type\":\"text\",\"props\":{\"margin\":\"default\",\"column_breakpoint\":\"m\",\"text_style\":\"\",\"text_color\":\"\",\"text_size\":\"large\",\"column\":\"\",\"position\":\"\",\"position_z_index\":\"\",\"maxwidth\":\"\",\"maxwidth_breakpoint\":\"\",\"block_align\":\"\",\"block_align_breakpoint\":\"\",\"block_align_fallback\":\"\",\"text_align\":\"\",\"text_align_breakpoint\":\"\",\"text_align_fallback\":\"\",\"animation\":\"\",\"visibility\":\"\",\"content\":\"\n\n<p>Ma\\u00dftabelle:<\\\/p>\\n\n\n<p>Leicht die passende Gr\\u00f6\\u00dfe finden<\\\/p>\"}},{\"type\":\"divider\",\"props\":{\"divider_element\":\"hr\",\"divider_style\":\"\",\"divider_align\":\"\",\"divider_align_breakpoint\":\"\",\"divider_align_fallback\":\"\",\"position\":\"\",\"position_z_index\":\"\",\"margin\":\"\",\"maxwidth\":\"\",\"maxwidth_breakpoint\":\"\",\"block_align\":\"\",\"block_align_breakpoint\":\"\",\"block_align_fallback\":\"\",\"animation\":\"\",\"visibility\":\"\"}},{\"type\":\"text\",\"props\":{\"margin\":\"default\",\"column_breakpoint\":\"m\",\"text_style\":\"\",\"text_color\":\"\",\"text_size\":\"large\",\"column\":\"\",\"position\":\"\",\"position_z_index\":\"\",\"maxwidth\":\"\",\"maxwidth_breakpoint\":\"\",\"block_align\":\"\",\"block_align_breakpoint\":\"\",\"block_align_fallback\":\"\",\"text_align\":\"\",\"text_align_breakpoint\":\"\",\"text_align_fallback\":\"\",\"animation\":\"\",\"visibility\":\"\",\"content\":\"\n\n<p>EXCD \\\/ X.O: Beide Serien enthalten<\\\/p>\"}}]},{\"type\":\"column\",\"props\":{\"widths\":[\"\"],\"image_position\":\"center-center\",\"media_overlay_gradient\":\"\",\"vertical_align\":\"\",\"style\":\"\",\"text_color\":\"\",\"padding\":\"\"},\"children\":[{\"type\":\"icon\",\"props\":{\"icon\":\"check\",\"icon_ratio\":\"3\",\"margin\":\"default\",\"icon_color\":\"success\",\"link_style\":\"\",\"position\":\"relative\",\"position_z_index\":\"\",\"maxwidth\":\"\",\"maxwidth_breakpoint\":\"\",\"block_align\":\"\",\"block_align_breakpoint\":\"\",\"block_align_fallback\":\"\",\"text_align\":\"\",\"text_align_breakpoint\":\"\",\"text_align_fallback\":\"\",\"animation\":\"\",\"visibility\":\"\",\"position_bottom\":\"-10\"}},{\"type\":\"icon\",\"props\":{\"icon\":\"check\",\"icon_ratio\":3,\"margin\":\"default\",\"icon_color\":\"success\",\"link_style\":\"\",\"position\":\"relative\",\"position_z_index\":\"\",\"maxwidth\":\"\",\"maxwidth_breakpoint\":\"\",\"block_align\":\"\",\"block_align_breakpoint\":\"\",\"block_align_fallback\":\"\",\"text_align\":\"\",\"text_align_breakpoint\":\"\",\"text_align_fallback\":\"\",\"animation\":\"\",\"visibility\":\"\",\"position_bottom\":\"-70\"}},{\"type\":\"icon\",\"props\":{\"icon\":\"check\",\"icon_ratio\":3,\"margin\":\"default\",\"icon_color\":\"success\",\"link_style\":\"\",\"position\":\"relative\",\"position_z_index\":\"\",\"maxwidth\":\"\",\"maxwidth_breakpoint\":\"\",\"block_align\":\"\",\"block_align_breakpoint\":\"\",\"block_align_fallback\":\"\",\"text_align\":\"\",\"text_align_breakpoint\":\"\",\"text_align_fallback\":\"\",\"animation\":\"\",\"visibility\":\"\",\"position_bottom\":\"-140\"}}]}]}]}],\"version\":\"1.21.10\",\"props\":[]} --><\/p>\n","protected":false},"excerpt":{"rendered":"<p>Der neue, interaktive E-Katalog ist da! Neue Gr\u00f6\u00dfen: Shirts und Hoodies bis 8 XL! Ma\u00dftabelle: Leicht die passende Gr\u00f6\u00dfe finden EXCD \/ X.O: Beide Serien enthalten<\/p>\n","protected":false},"author":1,"featured_media":0,"parent":0,"menu_order":0,"comment_status":"closed","ping_status":"closed","template":"","meta":{"ub_ctt_via":"","footnotes":""},"class_list":["post-653","page","type-page","status-publish","hentry"],"featured_image_src":null,"jetpack_sharing_enabled":true,"_links":{"self":[{"href":"https:\/\/die-bedrucker.de\/index.php?rest_route=\/wp\/v2\/pages\/653","targetHints":{"allow":["GET"]}}],"collection":[{"href":"https:\/\/die-bedrucker.de\/index.php?rest_route=\/wp\/v2\/pages"}],"about":[{"href":"https:\/\/die-bedrucker.de\/index.php?rest_route=\/wp\/v2\/types\/page"}],"author":[{"embeddable":true,"href":"https:\/\/die-bedrucker.de\/index.php?rest_route=\/wp\/v2\/users\/1"}],"replies":[{"embeddable":true,"href":"https:\/\/die-bedrucker.de\/index.php?rest_route=%2Fwp%2Fv2%2Fcomments&post=653"}],"version-history":[{"count":8,"href":"https:\/\/die-bedrucker.de\/index.php?rest_route=\/wp\/v2\/pages\/653\/revisions"}],"predecessor-version":[{"id":958,"href":"https:\/\/die-bedrucker.de\/index.php?rest_route=\/wp\/v2\/pages\/653\/revisions\/958"}],"wp:attachment":[{"href":"https:\/\/die-bedrucker.de\/index.php?rest_route=%2Fwp%2Fv2%2Fmedia&parent=653"}],"curies":[{"name":"wp","href":"https:\/\/api.w.org\/{rel}","templated":true}]}}